a composite number?
False
Is 1867 a prime number?
True
Is 186567 a prime number?
False
Is 17455 a composite number?
True
Is 31721 a prime number?
True
Is 121523 a prime number?
True
Is 125807 composite?
True
Is 78569 prime?
True
Is 44049 composite?
True
Is 1379909 prime?
False
Is 8999 prime?
True
Is 730921 composite?
True
Is 2767 prime?
True
Is 1867139 prime?
False
Is 51449 prime?
True
Is 1517 composite?
True
Is 44879 a composite number?
False
Is 104987 prime?
True
Is 7639 a composite number?
False
Is 305329 a composite number?
False
Is 5311 a composite number?
True
Is 587 a composite number?
False
Is 3371 prime?
True
Is 133027 composite?
True
Is 545434 composite?
True
Is 59497 composite?
False
Is 489094 a prime number?
False
Is 23818 prime?
False
Is 257639 a prime number?
True
Is 207643 a prime number?
True
Is 81227 a prime number?
False
Is 411883 a prime number?
True
Is 765571 a prime number?
False
Is 64451 a composite number?
False
Is 1378937 composite?
True
Is 16143 a composite number?
True
Is 102218 prime?
False
Is 297047 a prime number?
False
Is 382129 composite?
True
Is 53017 a prime number?
True
Is 337837 a composite number?
False
Is 1310143 composite?
False
Is 213491 prime?
True
Is 55429 a prime number?
False
Is 1399 a prime number?
True
Is 115499 a composite number?
False
Is 59941 prime?
False
Is 35099 prime?
True
Is 1246181 composite?
False
Is 128333 composite?
True
Is 24133 a composite number?
False
Is 4685501 a prime number?
False
Is 2746 prime?
False
Is 25985 composite?
True
Is 227239 a composite number?
True
Is 112967 prime?
True
Is 1529 composite?
True
Is 810871 a prime number?
True
Is 1213 a prime number?
True
Is 191309 composite?
True
Is 2227 prime?
False
Is 7789 composite?
False
Is 20993 composite?
True
Is 36083 a composite number?
False
Is 75583 prime?
True
Is 4663 a prime number?
True
Is 51383 a composite number?
False
Is 62081 prime?
True
Is 6999 a composite number?
True
Is 884122 a composite number?
True
Is 22307 prime?
True
Is 11903 prime?
True
Is 46549 composite?
False
Is 204427 a prime number?
True
Is 95063 prime?
True
Is 370733 composite?
True
Is 137909 a prime number?
True
Is 6547 prime?
True
Is 6857 a prime number?
True
Is 33541 a prime number?
False
Is 89405 a prime number?
False
Is 10643 prime?
False
Is 272341 prime?
True
Is 1934377 a composite number?
False
Is 54037 a composite number?
False
Is 7069 prime?
True
Is 19802 composite?
True
Is 3821 composite?
False
Is 31079 composite?
False
Is 30677 prime?
True
Is 3163 composite?
False
Is 269162 prime?
False
Is 15653 composite?
True
Is 376847 a prime number?
True
Is 11617 a prime number?
True
Is 311111 a prime number?
True
Is 24851 prime?
True
Is 1805833 a prime number?
True
Is 333215 composite?
True
Is 888158 a composite number?
True
Is 456521 a prime number?
False
Is 11015 composite?
True
Is 1443913 composite?
False
Is 32561 a prime number?
True
Is 107489 prime?
False
Is 8491 a prime number?
False
Is 142097 a prime number?
True
Is 58759 a prime number?
False
Is 774661 a prime number?
True
Is 18227 prime?
False
Is 7709 a prime number?
False
Is 1842713 a composite number?
True
Is 193717 composite?
True
Is 31357 composite?
False
Is 63766 a prime number?
False
Is 18383 composite?
True
Is 1087 a prime number?
True
Is 114067 a prime number?
True
Is 725047 a composite number?
True
Is 39409 composite?
False
Is 1522102 a prime number?
False
Is 13474 a prime number?
False
Is 8741 a prime number?
True
Is 47731 a prime number?
False
Is 54647 a prime number?
True
Is 37 a composite number?
False
Is 141587 composite?
False
Is 70753 prime?
True
Is 21587 a composite number?
False
Is 994087 prime?
True
Is 1027259 a prime number?
False
Is 1050917 composite?
True
Is 5631 prime?
False
Is 46601 composite?
False
Is 261149 a composite number?
True
Is 9719 a composite number?
False
Is 53161 prime?
True
Is 25895 prime?
False
Is 38903 a composite number?
False
Is 801341 composite?
False
Is 425053 a composite number?
True
Is 340541 a composite number?
False
Is 905161 a prime number?
True
Is 4789 a prime number?
True
Is 469487 composite?
False
Is 1652479 prime?
True
Is 54633 composite?
True
Is 1361 a prime number?
True
Is 691411 a prime number?
False
Is 4033 composite?
True
Is 49103 prime?
True
Is 128813 a prime number?
True
Is 12763 a composite number?
False
Is 587 a composite number?
False
Is 57637 prime?
True
Is 158611 composite?
False
Is 228297 a prime number?
False
Is 73897 composite?
False
Is 445 a prime number?
False
Is 49705 composite?
True
Is 2193097 prime?
True
Is 67819 composite?
False
Is 893 a composite number?
True
Is 3991 a composite number?
True
Is 31163 composite?
True
Is 24071 composite?
False
Is 3449 a composite number?
False
Is 1666767 a prime number?
False
Is 7751 prime?
False
Is 128111 composite?
False
Is 45533 a composite number?
False
Is 19354 composite?
True
Is 713563 a composite number?
False
Is 1465 a prime number?
False
Is 82559 prime?
True
Is 86585 a composite number?
True
Is 23603 prime?
True
Is 150679 a prime number?
False
Is 60659 composite?
False
Is 191413 prime?
True
Is 40447 a composite number?
True
Is 20993 prime?
False
Is 1565411 prime?
False
Is 3142481 a prime number?
True
Is 8501 a composite number?
False
Is 90413 a prime number?
False
Is 3149 a composite number?
True
Is 38629 prime?
True
Is 130969 a composite number?
False
Is 631 composite?
False
Is 1711 prime?
False
Is 42533 composite?
False
Is 4405 a composite number?
True
Is 46195 composite?
True
Is 5449 composite?
False
Is 176951 a prime number?
True
Is 85931 a prime number?
True
Is 2951489 prime?
False
Is 113431 a prime number?
False
Is 290729 a prime number?
False
Is 2346769 composite?
False
Is 407111 a composite number?
True
Is 6803 a prime number?
True
Is 272359 a composite number?
False
Is 16283 a prime number?
False
Is 56237 prime?
True
Is 1438949 a composite number?
True
Is 147601 composite?
True
Is 205391 composite?
False
Is 48917 a prime number?
False
Is 5149 a prime number?
False
Is 838009 composite?
True
Is 118117 a composite number?
True
Is 8765351 a prime number?
False
Is 218983 a prime number?
False
Is 670951 prime?
True
Is 323767 a composite number?
False
Is 80273 prime?
True
Is 3305 a composite number?
True
Is 30151 prime?
False
Is 133139 a prime number?
False
Is 84377 composite?
False
Is 470389 a prime number?
True
Is 32393 a composite number?
True
Is 4049 a composite number?
False
Is 35173 prime?
False
Is 56197 prime?
True
Is 4033 a composite number?
True
Is 27199 composite?
True
Is 83537 a composite number?
False
Is 6879 a prime number?
False
Is 314807 a composite number?
False
Is 6121 composite?
False
Is 52019 composite?
True
Is 27598 a composite number?
True
Is 110089 composite?
True
Is 3251 a composite number?
False
Is 206047 composite?
False
Is 16931 a composite number?
False
Is 7069 prime?
True
Is 551281 a prime number?
True
Is 4283 a composite number?
False
Is 1413413 a prime number?
True
Is 29615 composite?
True
Is 630185 composite?
True
Is 12049 a prime number?
True
Is 12251 a prime number?
True
Is 11566 a prime number?
False
Is 130121 prime?
True
Is 159799 a prime number?
True
Is 12227 a composite number?
False
Is 277653 a prime number?
False
Is 430633 composite?
True
Is 6803 prime?
True
Is 647189 a prime number?
True
Is 319427 composite?
False
Is 479 a composite number?
False
Is 39707 a composite number?
True
Is 12827 prime?
False
Is 1415 composite?
True
Is 364139 composite?
True
Is 1404859 a composite number?
False
Is 95345 composite?
True
Is 53545 prime?
False
Is 15803 a prime number?
True
Is 92329 composite?
True
Is 3091 a composite number?
True
Is 286571 composite?
True
Is 2937371 a composite number?
False
Is 8083 a prime number?
False
Is 34601 a composite number?
True
Is 12247 composite?
True
Is 527039 composite?
True
Is 24469 a composite number?
False
Is 6347 a prime number?
False
Is 24721 a prime number?
False
Is 912661 a prime number?
False
Is 94687 a prime number?
True
Is 38861 a prime number?
True
Is 1049 a composite number?
False
Is 58319 a composite number?
True
Is 409267 a prime number?
True
Is 159337 a prime number?
True
Is 24197 a composite number?
False
Is 51407 prime?
True
Is 81987 prime?
False
Is 770687 prime?
False
Is 15877 composite?
False
Is 25744